{"id":149,"date":"2026-03-25T14:48:30","date_gmt":"2026-03-25T17:48:30","guid":{"rendered":"https:\/\/institutophala.org.br\/?post_type=product&#038;p=149"},"modified":"2026-03-25T14:49:22","modified_gmt":"2026-03-25T17:49:22","slug":"curso-de-contacao-de-historia-em-libras-e-literatura-surda","status":"publish","type":"product","link":"https:\/\/institutophala.org.br\/?product=curso-de-contacao-de-historia-em-libras-e-literatura-surda","title":{"rendered":"Curso de Conta\u00e7\u00e3o de Historia em Libras e Literatura Surda"},"content":{"rendered":"<p><strong>Sobre o Curso<\/strong><strong>:\u00a0<\/strong>O curso de Conta\u00e7\u00e3o de hist\u00f3ria em Libras e Literatura Surda do Instituto Phala oferece uma forma\u00e7\u00e3o qualificada para quem busca aprimorar os estudos na \u00e1rea da Surdez e da L\u00edngua de Sinais, de maneira r\u00e1pida e totalmente \u00e0 dist\u00e2ncia.<\/p>\n<p><strong>Objetivos:\u00a0<\/strong>Aprofundar aspectos relacionados \u00e0 conta\u00e7\u00e3o de historias, poesias, piadas, interpreta\u00e7\u00e3o de livros em Libras, ampliando o vocabul\u00e1rio na l\u00edngua\u00a0e promovendo possibilidade de que os alunos desenvolvam suas atividade\/trabalho na \u00e1rea da educa\u00e7\u00e3o surdas.<\/p>\n<p><strong>Conte\u00fados:\u00a0<\/strong>Conta\u00e7\u00e3o de historia usando a l\u00edngua de sinais, poesias, piadas, interpreta\u00e7\u00e3o de livros, personagens e as orienta\u00e7\u00f5es para suas praticas.<\/p>\n<p><strong>P\u00fablico alvo<\/strong>: Profissionais na \u00e1rea de educa\u00e7\u00e3o de surdos e aqueles que buscam se especializar e enriquecer o curr\u00edculo em um per\u00edodo de tempo curto e sem perder o interesse por uma forma\u00e7\u00e3o de qualidade.<\/p>\n<p><strong>Carga horaria:<\/strong>\u00a040 horas<\/p>\n<p><strong>Dura\u00e7\u00e3o do curso:<\/strong>\u00a0100 dias a partir da efetiva\u00e7\u00e3o e pagamento da matr\u00edcula.<\/p>\n<p><strong>Como funciona:<\/strong>\u00a0O curso ser\u00e1 ministrado no AVA \u2013 Ambiente Virtual de Aprendizagem, pela Plataforma\u00a0Moodle. O aluno assistir\u00e1 aos v\u00eddeos das aulas (ministradas em Libras por instrutores surdos) e realizar\u00e1 as\u00a0atividades propostas ao t\u00e9rmino de cada t\u00f3pico. A avalia\u00e7\u00e3o e certifica\u00e7\u00e3o ser\u00e3o realizadas a partir da\u00a0frequ\u00eancia m\u00ednima de 75% nas web aulas e entrega das atividades. Al\u00e9m de poder assistir as aulas quantas\u00a0vezes considerar necess\u00e1rio, o aluno tamb\u00e9m ter\u00e1 a sua disposi\u00e7\u00e3o materiais para leituras complementares,\u00a0referentes aos conte\u00fados abordados nas aulas.<\/p>\n<p><strong>Certificados<\/strong>:\u00a0ser\u00e3o enviados certificados digitais aos alunos devidamente matriculados, com o m\u00ednimo de\u00a075% de presen\u00e7a nas web aulas e que tenham enviado as atividades propostas. O curso tem certifica\u00e7\u00e3o de\u00a040 horas.<\/p>\n","protected":false},"excerpt":{"rendered":"<p>Sobre o Curso:\u00a0O curso de Conta\u00e7\u00e3o de hist\u00f3ria em Libras e Literatura Surda do Instituto Phala oferece uma forma\u00e7\u00e3o qualificada para quem busca aprimorar os estudos na \u00e1rea da Surdez e da L\u00edngua de Sinais, de maneira r\u00e1pida e totalmente \u00e0 dist\u00e2ncia. Objetivos:\u00a0Aprofundar aspectos relacionados \u00e0 conta\u00e7\u00e3o de historias, poesias, piadas, interpreta\u00e7\u00e3o de livros em [&hellip;]<\/p>\n","protected":false},"featured_media":144,"comment_status":"closed","ping_status":"closed","template":"","meta":[],"product_brand":[],"product_cat":[26],"product_tag":[30,31],"class_list":{"0":"post-149","1":"product","2":"type-product","3":"status-publish","4":"has-post-thumbnail","6":"product_cat-curso-online","7":"product_tag-contacao-de-historia","8":"product_tag-literatura-surda","10":"first","11":"instock","12":"virtual","13":"taxable","14":"purchasable","15":"product-type-simple"},"_links":{"self":[{"href":"https:\/\/institutophala.org.br\/index.php?rest_route=\/wp\/v2\/product\/149","targetHints":{"allow":["GET"]}}],"collection":[{"href":"https:\/\/institutophala.org.br\/index.php?rest_route=\/wp\/v2\/product"}],"about":[{"href":"https:\/\/institutophala.org.br\/index.php?rest_route=\/wp\/v2\/types\/product"}],"replies":[{"embeddable":true,"href":"https:\/\/institutophala.org.br\/index.php?rest_route=%2Fwp%2Fv2%2Fcomments&post=149"}],"wp:featuredmedia":[{"embeddable":true,"href":"https:\/\/institutophala.org.br\/index.php?rest_route=\/wp\/v2\/media\/144"}],"wp:attachment":[{"href":"https:\/\/institutophala.org.br\/index.php?rest_route=%2Fwp%2Fv2%2Fmedia&parent=149"}],"wp:term":[{"taxonomy":"product_brand","embeddable":true,"href":"https:\/\/institutophala.org.br\/index.php?rest_route=%2Fwp%2Fv2%2Fproduct_brand&post=149"},{"taxonomy":"product_cat","embeddable":true,"href":"https:\/\/institutophala.org.br\/index.php?rest_route=%2Fwp%2Fv2%2Fproduct_cat&post=149"},{"taxonomy":"product_tag","embeddable":true,"href":"https:\/\/institutophala.org.br\/index.php?rest_route=%2Fwp%2Fv2%2Fproduct_tag&post=149"}],"curies":[{"name":"wp","href":"https:\/\/api.w.org\/{rel}","templated":true}]}}